{"id":2053,"date":"2024-02-01T14:37:17","date_gmt":"2024-02-01T13:37:17","guid":{"rendered":"https:\/\/www.recyclingairbag.com\/?page_id=2053"},"modified":"2025-05-05T14:18:34","modified_gmt":"2025-05-05T12:18:34","slug":"avviso-legale","status":"publish","type":"page","link":"https:\/\/www.recyclingairbag.com\/it\/avviso-legale\/","title":{"rendered":"Avviso legale"},"content":{"rendered":"<div id=\"pl-2053\"  class=\"panel-layout\" ><div id=\"pg-2053-0\"  class=\"panel-grid panel-has-style\" ><div class=\"siteorigin-panels-stretch orion-separator bottom-svg-4 bottom-svg-inside tablet-1-in-row mobile-1-in-row desktop-default text-dark panel-row-style panel-row-style-for-2053-0\" data-stretch-type=\"full\" ><div id=\"pgc-2053-0-0\"  class=\"panel-grid-cell\" ><div id=\"panel-2053-0-0-0\" class=\"so-panel widget widget_orion_heading_w panel-first-child\" data-index=\"0\" ><div class=\"orion default panel-widget-style panel-widget-style-for-2053-0-0-0\" ><div\n\t\t\t\n\t\t\tclass=\"so-widget-orion_heading_w so-widget-orion_heading_w-base\"\n\t\t\t\n\t\t>\r\n\t\r\n\t\t\r\n\t<div class=\"row orion-heading\" style=\"margin-bottom:0px;\">\r\n\t\t<div class=\"col-md-12  separator-style-2 text-left style-h4 style-text-default\">\r\n\t\t\t<h4 class=\"text-default\">\r\n\t\t\t\tQuesta pagina \u00e8 disponibile solo in lingua inglese.\t\t\t<\/h4>\r\n\t\t<\/div>\r\n\t<\/div>\r\n\r\n\t<\/div><\/div><\/div><div id=\"panel-2053-0-0-1\" class=\"so-panel widget widget_sow-editor panel-last-child\" data-index=\"1\" ><div class=\"orion default panel-widget-style panel-widget-style-for-2053-0-0-1\" ><div\n\t\t\t\n\t\t\tclass=\"so-widget-sow-editor so-widget-sow-editor-base\"\n\t\t\t\n\t\t>\n<div class=\"siteorigin-widget-tinymce textwidget\">\n\t<p>&nbsp;<\/p>\n<p class=\"adsimple-122717211\">Information in accordance with the duty to inform pursuant to \u00a75 of the E-Commerce Act, \u00a714 of the Austrian Commercial Code, \u00a763 of the Industrial Code and the duty to disclose pursuant to \u00a725 of the Media Act.<\/p>\n<p><strong>SEDA-Umwelttechnik GmbH<\/strong><\/p>\n<p class=\"adsimple-122989298\">Schwendter Stra\u00dfe 10,<br \/>\n6345 K\u00f6ssen,<br \/>\n\u00d6sterreich<\/p>\n<p><strong>Phone number:<\/strong>\u00a00043 5375 6318-0<br \/>\n<strong>Fax:<\/strong>\u00a00043 5375 6318-9<br \/>\n<strong>Email:<\/strong>\u00a0<a href=\"mailto:info@seda.at\">info@seda.at<\/a><\/p>\n<p><strong>Commercial register number:<\/strong>\u00a0FN 231790 v<br \/>\n<strong>Commercial Register Court:<\/strong>\u00a0Innsbruck<br \/>\n<strong>Registered office:<\/strong>\u00a06345 K\u00f6ssen<br \/>\n<strong>VAT number:<\/strong>\u00a0ATU56621622<\/p>\n<p><strong>Supervisory authority:<\/strong><br \/>\nBezirkshauptmannschaft Kitzb\u00fchel<\/p>\n<p><strong>Granting state:<\/strong>\u00a0\u00d6sterreich<\/p>\n<p><strong>Chief Executive Officer:<\/strong>\u00a0Rainer Dagn<\/p>\n<p><strong>Email:<\/strong>\u00a0<a href=\"mailto:info@seda.at\">info@seda.at<\/a><\/p>\n<h2 id=\"eu-streitschlichtung\" class=\"adsimple-122989298 fusion-responsive-typography-calculated\" data-fontsize=\"24\" data-lineheight=\"36px\">EU Dispute Resolution<\/h2>\n<p class=\"adsimple-122989298\">We would like to inform you about the Online Dispute Resolution platform (ODR platform) in accordance with the regulation on Online Dispute Resolution in consumer matters (ODR Regulation).<br \/>\nConsumers have the option of submitting complaints to the European Commission\u2019s Online Dispute Resolution platform at\u00a0<a class=\"adsimple-122989298\" href=\"https:\/\/ec.europa.eu\/consumers\/odr\/main\/?event=main.home2.show\" target=\"_blank\" rel=\"follow noopener\">https:\/\/ec.europa.eu\/consumers\/odr\/main\/?event=main.home2.show<\/a>. You will find the necessary contact details in our imprint above.<\/p>\n<p class=\"adsimple-122989298\">However, we would like to note, that we are not willing or obliged to participate in dispute settlement procedures before a consumer arbitration board.<\/p>\n<h2 id=\"haftung-fuer-inhalte-dieser-webseite-en\" class=\"adsimple-122717211 fusion-responsive-typography-calculated\" data-fontsize=\"24\" data-lineheight=\"36px\">Liability for the Contents of this Website<\/h2>\n<p>We are constantly developing the content of this website and strive to provide correct and up-to-date information. Unfortunately, we cannot accept liability for the accuracy of any content on this website. This especially includes content provided by third parties. As a service provider, we are neither obliged to monitor any information you transmit or store, nor to investigate any circumstances that indicate illegal activity.<\/p>\n<p>Due to court- or official orders under the general law, our obligations to remove information or to block the use of information remain unaffected, even if we are not responsible.<\/p>\n<p>If you notice any problematic or illegal content, please contact us immediately so we can remove the illegal content. You will find our contact details in the imprint.<\/p>\n<h2 id=\"haftung-links-webseite-en\" class=\"adsimple-122717211 fusion-responsive-typography-calculated\" data-fontsize=\"24\" data-lineheight=\"36px\">Liability for Links on this Website<\/h2>\n<p>Our website contains links to other websites for which we are not responsible. We are not liable for any linked websites, since we have had no knowledge of illegal activities. If we ever become aware of any illegal activity, we will remove any links in question immediately.<\/p>\n<p>If you notice illegal links on our website, please contact us. You will find our contact details in the imprint.<\/p>\n<h2 id=\"urheberrechtshinweis-en\" class=\"adsimple-122717211 fusion-responsive-typography-calculated\" data-fontsize=\"24\" data-lineheight=\"36px\">Copyright Notice<\/h2>\n<p>All contents of this website (pictures, images, photos, texts, videos) are subject to copyright. Please ask us before distributing, reproducing or using the contents of this website \u2013 such as republishing them on other websites. If necessary, we will prosecute the unauthorised use of our website\u2019s content.<\/p>\n<p>If you find content on this website that violates copyright, please contact us.<\/p>\n<h2 id=\"bildernachweis-en\" class=\"adsimple-122717211 fusion-responsive-typography-calculated\" data-fontsize=\"24\" data-lineheight=\"36px\">Picture Credits<\/h2>\n<p>The pictures, images and graphics on this website are protected by copyright.<\/p>\n<p>The image rights are with:<\/p>\n<ul>\n<li>SEDA-Umwelttechnik GmbH<\/li>\n<li>RecyclingAirbag.com<\/li>\n<\/ul>\n<p>All texts are copyrighted.<\/p>\n<p>Source: Created with the\u00a0<a title=\"Impressum Generator Austria by AdSimple\" href=\"https:\/\/www.adsimple.at\/impressum-generator\/\">Impressum Generator Austria<\/a>\u00a0by AdSimple<\/p>\n<\/div>\n<\/div><\/div><\/div><\/div><\/div><\/div><\/div>","protected":false},"excerpt":{"rendered":"<p>&nbsp; Information in accordance with the duty to inform pursuant to \u00a75 of the E-Commerce Act, \u00a714 of the Austrian Commercial Code, \u00a763 of the Industrial Code and the duty to disclose pursuant to \u00a725 of the Media Act. SEDA-Umwelttechnik GmbH Schwendter Stra\u00dfe 10, 6345 K\u00f6ssen, \u00d6sterreich Phone number:\u00a00043 5375 6318-0 Fax:\u00a00043 5375 6318-9 Email:\u00a0info@seda.at<\/p>\n","protected":false},"author":1,"featured_media":0,"parent":0,"menu_order":0,"comment_status":"closed","ping_status":"closed","template":"","meta":{"footnotes":""},"class_list":["post-2053","page","type-page","status-publish","hentry"],"yoast_head":"<!-- This site is optimized with the Yoast SEO plugin v27.5 - https:\/\/yoast.com\/product\/yoast-seo-wordpress\/ -->\n<title>Avviso legale - RecyclingAirbag.com<\/title>\n<meta name=\"robots\" content=\"index, follow, max-snippet:-1, max-image-preview:large, max-video-preview:-1\" \/>\n<link rel=\"canonical\" href=\"https:\/\/www.recyclingairbag.com\/it\/avviso-legale\/\" \/>\n<meta property=\"og:locale\" content=\"it_IT\" \/>\n<meta property=\"og:type\" content=\"article\" \/>\n<meta property=\"og:title\" content=\"Avviso legale - RecyclingAirbag.com\" \/>\n<meta property=\"og:description\" content=\"&nbsp; Information in accordance with the duty to inform pursuant to \u00a75 of the E-Commerce Act, \u00a714 of the Austrian Commercial Code, \u00a763 of the Industrial Code and the duty to disclose pursuant to \u00a725 of the Media Act. SEDA-Umwelttechnik GmbH Schwendter Stra\u00dfe 10, 6345 K\u00f6ssen, \u00d6sterreich Phone number:\u00a00043 5375 6318-0 Fax:\u00a00043 5375 6318-9 Email:\u00a0info@seda.at\" \/>\n<meta property=\"og:url\" content=\"https:\/\/www.recyclingairbag.com\/it\/avviso-legale\/\" \/>\n<meta property=\"og:site_name\" content=\"RecyclingAirbag.com\" \/>\n<meta property=\"article:modified_time\" content=\"2025-05-05T12:18:34+00:00\" \/>\n<meta name=\"twitter:card\" content=\"summary_large_image\" \/>\n<meta name=\"twitter:label1\" content=\"Tempo di lettura stimato\" \/>\n\t<meta name=\"twitter:data1\" content=\"3 minuti\" \/>\n<script type=\"application\/ld+json\" class=\"yoast-schema-graph\">{\"@context\":\"https:\\\/\\\/schema.org\",\"@graph\":[{\"@type\":\"WebPage\",\"@id\":\"https:\\\/\\\/www.recyclingairbag.com\\\/it\\\/avviso-legale\\\/\",\"url\":\"https:\\\/\\\/www.recyclingairbag.com\\\/it\\\/avviso-legale\\\/\",\"name\":\"Avviso legale - RecyclingAirbag.com\",\"isPartOf\":{\"@id\":\"https:\\\/\\\/www.recyclingairbag.com\\\/it\\\/#website\"},\"datePublished\":\"2024-02-01T13:37:17+00:00\",\"dateModified\":\"2025-05-05T12:18:34+00:00\",\"breadcrumb\":{\"@id\":\"https:\\\/\\\/www.recyclingairbag.com\\\/it\\\/avviso-legale\\\/#breadcrumb\"},\"inLanguage\":\"it-IT\",\"potentialAction\":[{\"@type\":\"ReadAction\",\"target\":[\"https:\\\/\\\/www.recyclingairbag.com\\\/it\\\/avviso-legale\\\/\"]}]},{\"@type\":\"BreadcrumbList\",\"@id\":\"https:\\\/\\\/www.recyclingairbag.com\\\/it\\\/avviso-legale\\\/#breadcrumb\",\"itemListElement\":[{\"@type\":\"ListItem\",\"position\":1,\"name\":\"Home\",\"item\":\"https:\\\/\\\/www.recyclingairbag.com\\\/it\\\/\"},{\"@type\":\"ListItem\",\"position\":2,\"name\":\"Avviso legale\"}]},{\"@type\":\"WebSite\",\"@id\":\"https:\\\/\\\/www.recyclingairbag.com\\\/it\\\/#website\",\"url\":\"https:\\\/\\\/www.recyclingairbag.com\\\/it\\\/\",\"name\":\"RecyclingAirbag.com\",\"description\":\"\",\"potentialAction\":[{\"@type\":\"SearchAction\",\"target\":{\"@type\":\"EntryPoint\",\"urlTemplate\":\"https:\\\/\\\/www.recyclingairbag.com\\\/it\\\/?s={search_term_string}\"},\"query-input\":{\"@type\":\"PropertyValueSpecification\",\"valueRequired\":true,\"valueName\":\"search_term_string\"}}],\"inLanguage\":\"it-IT\"}]}<\/script>\n<!-- \/ Yoast SEO plugin. -->","yoast_head_json":{"title":"Avviso legale - RecyclingAirbag.com","robots":{"index":"index","follow":"follow","max-snippet":"max-snippet:-1","max-image-preview":"max-image-preview:large","max-video-preview":"max-video-preview:-1"},"canonical":"https:\/\/www.recyclingairbag.com\/it\/avviso-legale\/","og_locale":"it_IT","og_type":"article","og_title":"Avviso legale - RecyclingAirbag.com","og_description":"&nbsp; Information in accordance with the duty to inform pursuant to \u00a75 of the E-Commerce Act, \u00a714 of the Austrian Commercial Code, \u00a763 of the Industrial Code and the duty to disclose pursuant to \u00a725 of the Media Act. SEDA-Umwelttechnik GmbH Schwendter Stra\u00dfe 10, 6345 K\u00f6ssen, \u00d6sterreich Phone number:\u00a00043 5375 6318-0 Fax:\u00a00043 5375 6318-9 Email:\u00a0info@seda.at","og_url":"https:\/\/www.recyclingairbag.com\/it\/avviso-legale\/","og_site_name":"RecyclingAirbag.com","article_modified_time":"2025-05-05T12:18:34+00:00","twitter_card":"summary_large_image","twitter_misc":{"Tempo di lettura stimato":"3 minuti"},"schema":{"@context":"https:\/\/schema.org","@graph":[{"@type":"WebPage","@id":"https:\/\/www.recyclingairbag.com\/it\/avviso-legale\/","url":"https:\/\/www.recyclingairbag.com\/it\/avviso-legale\/","name":"Avviso legale - RecyclingAirbag.com","isPartOf":{"@id":"https:\/\/www.recyclingairbag.com\/it\/#website"},"datePublished":"2024-02-01T13:37:17+00:00","dateModified":"2025-05-05T12:18:34+00:00","breadcrumb":{"@id":"https:\/\/www.recyclingairbag.com\/it\/avviso-legale\/#breadcrumb"},"inLanguage":"it-IT","potentialAction":[{"@type":"ReadAction","target":["https:\/\/www.recyclingairbag.com\/it\/avviso-legale\/"]}]},{"@type":"BreadcrumbList","@id":"https:\/\/www.recyclingairbag.com\/it\/avviso-legale\/#breadcrumb","itemListElement":[{"@type":"ListItem","position":1,"name":"Home","item":"https:\/\/www.recyclingairbag.com\/it\/"},{"@type":"ListItem","position":2,"name":"Avviso legale"}]},{"@type":"WebSite","@id":"https:\/\/www.recyclingairbag.com\/it\/#website","url":"https:\/\/www.recyclingairbag.com\/it\/","name":"RecyclingAirbag.com","description":"","potentialAction":[{"@type":"SearchAction","target":{"@type":"EntryPoint","urlTemplate":"https:\/\/www.recyclingairbag.com\/it\/?s={search_term_string}"},"query-input":{"@type":"PropertyValueSpecification","valueRequired":true,"valueName":"search_term_string"}}],"inLanguage":"it-IT"}]}},"_links":{"self":[{"href":"https:\/\/www.recyclingairbag.com\/it\/wp-json\/wp\/v2\/pages\/2053","targetHints":{"allow":["GET"]}}],"collection":[{"href":"https:\/\/www.recyclingairbag.com\/it\/wp-json\/wp\/v2\/pages"}],"about":[{"href":"https:\/\/www.recyclingairbag.com\/it\/wp-json\/wp\/v2\/types\/page"}],"author":[{"embeddable":true,"href":"https:\/\/www.recyclingairbag.com\/it\/wp-json\/wp\/v2\/users\/1"}],"replies":[{"embeddable":true,"href":"https:\/\/www.recyclingairbag.com\/it\/wp-json\/wp\/v2\/comments?post=2053"}],"version-history":[{"count":6,"href":"https:\/\/www.recyclingairbag.com\/it\/wp-json\/wp\/v2\/pages\/2053\/revisions"}],"predecessor-version":[{"id":29663,"href":"https:\/\/www.recyclingairbag.com\/it\/wp-json\/wp\/v2\/pages\/2053\/revisions\/29663"}],"wp:attachment":[{"href":"https:\/\/www.recyclingairbag.com\/it\/wp-json\/wp\/v2\/media?parent=2053"}],"curies":[{"name":"wp","href":"https:\/\/api.w.org\/{rel}","templated":true}]}}

<div id="pl-2053"  class="panel-layout" ><div id="pg-2053-0"  class="panel-grid panel-has-style" ><div class="siteorigin-panels-stretch orion-separator bottom-svg-4 bottom-svg-inside tablet-1-in-row mobile-1-in-row desktop-default text-dark panel-row-style panel-row-style-for-2053-0" data-stretch-type="full" ><div id="pgc-2053-0-0"  class="panel-grid-cell" ><div id="panel-2053-0-0-0" class="so-panel widget widget_orion_heading_w panel-first-child" data-index="0" ><div class="orion default panel-widget-style panel-widget-style-for-2053-0-0-0" ><div
			
			class="so-widget-orion_heading_w so-widget-orion_heading_w-base"
			
		>
	
		
	<div class="row orion-heading" style="margin-bottom:0px;">
		<div class="col-md-12  separator-style-2 text-left style-h4 style-text-default">
			<h4 class="text-default">
				Questa pagina è disponibile solo in lingua inglese.			</h4>
		</div>
	</div>

	</div></div></div><div id="panel-2053-0-0-1" class="so-panel widget widget_sow-editor panel-last-child" data-index="1" ><div class="orion default panel-widget-style panel-widget-style-for-2053-0-0-1" ><div
			
			class="so-widget-sow-editor so-widget-sow-editor-base"
			
		>
<div class="siteorigin-widget-tinymce textwidget">
	<p>&nbsp;</p>
<p class="adsimple-122717211">Information in accordance with the duty to inform pursuant to §5 of the E-Commerce Act, §14 of the Austrian Commercial Code, §63 of the Industrial Code and the duty to disclose pursuant to §25 of the Media Act.</p>
<p><strong>SEDA-Umwelttechnik GmbH</strong></p>
<p class="adsimple-122989298">Schwendter Straße 10,<br />
6345 Kössen,<br />
Österreich</p>
<p><strong>Phone number:</strong> 0043 5375 6318-0<br />
<strong>Fax:</strong> 0043 5375 6318-9<br />
<strong>Email:</strong> <a href="mailto:info@seda.at">info@seda.at</a></p>
<p><strong>Commercial register number:</strong> FN 231790 v<br />
<strong>Commercial Register Court:</strong> Innsbruck<br />
<strong>Registered office:</strong> 6345 Kössen<br />
<strong>VAT number:</strong> ATU56621622</p>
<p><strong>Supervisory authority:</strong><br />
Bezirkshauptmannschaft Kitzbühel</p>
<p><strong>Granting state:</strong> Österreich</p>
<p><strong>Chief Executive Officer:</strong> Rainer Dagn</p>
<p><strong>Email:</strong> <a href="mailto:info@seda.at">info@seda.at</a></p>
<h2 id="eu-streitschlichtung" class="adsimple-122989298 fusion-responsive-typography-calculated" data-fontsize="24" data-lineheight="36px">EU Dispute Resolution</h2>
<p class="adsimple-122989298">We would like to inform you about the Online Dispute Resolution platform (ODR platform) in accordance with the regulation on Online Dispute Resolution in consumer matters (ODR Regulation).<br />
Consumers have the option of submitting complaints to the European Commission’s Online Dispute Resolution platform at <a class="adsimple-122989298" href="https://ec.europa.eu/consumers/odr/main/?event=main.home2.show" target="_blank" rel="follow noopener">https://ec.europa.eu/consumers/odr/main/?event=main.home2.show</a>. You will find the necessary contact details in our imprint above.</p>
<p class="adsimple-122989298">However, we would like to note, that we are not willing or obliged to participate in dispute settlement procedures before a consumer arbitration board.</p>
<h2 id="haftung-fuer-inhalte-dieser-webseite-en" class="adsimple-122717211 fusion-responsive-typography-calculated" data-fontsize="24" data-lineheight="36px">Liability for the Contents of this Website</h2>
<p>We are constantly developing the content of this website and strive to provide correct and up-to-date information. Unfortunately, we cannot accept liability for the accuracy of any content on this website. This especially includes content provided by third parties. As a service provider, we are neither obliged to monitor any information you transmit or store, nor to investigate any circumstances that indicate illegal activity.</p>
<p>Due to court- or official orders under the general law, our obligations to remove information or to block the use of information remain unaffected, even if we are not responsible.</p>
<p>If you notice any problematic or illegal content, please contact us immediately so we can remove the illegal content. You will find our contact details in the imprint.</p>
<h2 id="haftung-links-webseite-en" class="adsimple-122717211 fusion-responsive-typography-calculated" data-fontsize="24" data-lineheight="36px">Liability for Links on this Website</h2>
<p>Our website contains links to other websites for which we are not responsible. We are not liable for any linked websites, since we have had no knowledge of illegal activities. If we ever become aware of any illegal activity, we will remove any links in question immediately.</p>
<p>If you notice illegal links on our website, please contact us. You will find our contact details in the imprint.</p>
<h2 id="urheberrechtshinweis-en" class="adsimple-122717211 fusion-responsive-typography-calculated" data-fontsize="24" data-lineheight="36px">Copyright Notice</h2>
<p>All contents of this website (pictures, images, photos, texts, videos) are subject to copyright. Please ask us before distributing, reproducing or using the contents of this website – such as republishing them on other websites. If necessary, we will prosecute the unauthorised use of our website’s content.</p>
<p>If you find content on this website that violates copyright, please contact us.</p>
<h2 id="bildernachweis-en" class="adsimple-122717211 fusion-responsive-typography-calculated" data-fontsize="24" data-lineheight="36px">Picture Credits</h2>
<p>The pictures, images and graphics on this website are protected by copyright.</p>
<p>The image rights are with:</p>
<ul>
<li>SEDA-Umwelttechnik GmbH</li>
<li>RecyclingAirbag.com</li>
</ul>
<p>All texts are copyrighted.</p>
<p>Source: Created with the <a title="Impressum Generator Austria by AdSimple" href="https://www.adsimple.at/impressum-generator/">Impressum Generator Austria</a> by AdSimple</p>
</div>
</div></div></div></div></div></div></div>

<p>&nbsp; Information in accordance with the duty to inform pursuant to §5 of the E-Commerce Act, §14 of the Austrian Commercial Code, §63 of the Industrial Code and the duty to disclose pursuant to §25 of the Media Act. SEDA-Umwelttechnik GmbH Schwendter Straße 10, 6345 Kössen, Österreich Phone number: 0043 5375 6318-0 Fax: 0043 5375 6318-9 Email: info@seda.at</p>

<!-- This site is optimized with the Yoast SEO plugin v27.5 - https://yoast.com/product/yoast-seo-wordpress/ -->
<title>Avviso legale - RecyclingAirbag.com</title>
<meta name="robots" content="index, follow, max-snippet:-1, max-image-preview:large, max-video-preview:-1" />
<link rel="canonical" href="https://www.recyclingairbag.com/it/avviso-legale/" />
<meta property="og:locale" content="it_IT" />
<meta property="og:type" content="article" />
<meta property="og:title" content="Avviso legale - RecyclingAirbag.com" />
<meta property="og:description" content="&nbsp; Information in accordance with the duty to inform pursuant to §5 of the E-Commerce Act, §14 of the Austrian Commercial Code, §63 of the Industrial Code and the duty to disclose pursuant to §25 of the Media Act. SEDA-Umwelttechnik GmbH Schwendter Straße 10, 6345 Kössen, Österreich Phone number: 0043 5375 6318-0 Fax: 0043 5375 6318-9 Email: info@seda.at" />
<meta property="og:url" content="https://www.recyclingairbag.com/it/avviso-legale/" />
<meta property="og:site_name" content="RecyclingAirbag.com" />
<meta property="article:modified_time" content="2025-05-05T12:18:34+00:00" />
<meta name="twitter:card" content="summary_large_image" />
<meta name="twitter:label1" content="Tempo di lettura stimato" />
	<meta name="twitter:data1" content="3 minuti" />
<script type="application/ld+json" class="yoast-schema-graph">{"@context":"https:\/\/schema.org","@graph":[{"@type":"WebPage","@id":"https:\/\/www.recyclingairbag.com\/it\/avviso-legale\/","url":"https:\/\/www.recyclingairbag.com\/it\/avviso-legale\/","name":"Avviso legale - RecyclingAirbag.com","isPartOf":{"@id":"https:\/\/www.recyclingairbag.com\/it\/#website"},"datePublished":"2024-02-01T13:37:17+00:00","dateModified":"2025-05-05T12:18:34+00:00","breadcrumb":{"@id":"https:\/\/www.recyclingairbag.com\/it\/avviso-legale\/#breadcrumb"},"inLanguage":"it-IT","potentialAction":[{"@type":"ReadAction","target":["https:\/\/www.recyclingairbag.com\/it\/avviso-legale\/"]}]},{"@type":"BreadcrumbList","@id":"https:\/\/www.recyclingairbag.com\/it\/avviso-legale\/#breadcrumb","itemListElement":[{"@type":"ListItem","position":1,"name":"Home","item":"https:\/\/www.recyclingairbag.com\/it\/"},{"@type":"ListItem","position":2,"name":"Avviso legale"}]},{"@type":"WebSite","@id":"https:\/\/www.recyclingairbag.com\/it\/#website","url":"https:\/\/www.recyclingairbag.com\/it\/","name":"RecyclingAirbag.com","description":"","potentialAction":[{"@type":"SearchAction","target":{"@type":"EntryPoint","urlTemplate":"https:\/\/www.recyclingairbag.com\/it\/?s={search_term_string}"},"query-input":{"@type":"PropertyValueSpecification","valueRequired":true,"valueName":"search_term_string"}}],"inLanguage":"it-IT"}]}</script>
<!-- / Yoast SEO plugin. -->

&nbsp; Information in accordance with the duty to inform pursuant to §5 of the E-Commerce Act, §14 of the Austrian Commercial Code, §63 of the Industrial Code and the duty to disclose pursuant to §25 of the Media Act. SEDA-Umwelttechnik GmbH Schwendter Straße 10, 6345 Kössen, Österreich Phone number: 0043 5375 6318-0 Fax: 0043 5375 6318-9 Email: info@seda.at
